{"id":450,"date":"2015-09-20T11:16:01","date_gmt":"2015-09-20T10:16:01","guid":{"rendered":"http:\/\/cukrarnakostomlaty.cz\/?page_id=450"},"modified":"2022-02-22T14:35:55","modified_gmt":"2022-02-22T13:35:55","slug":"tisk-na-jedly-papir","status":"publish","type":"page","link":"https:\/\/cukrarnakostomlaty.cz\/?page_id=450","title":{"rendered":"Tisk na jedl\u00fd pap\u00edr"},"content":{"rendered":"<p>Chcete m\u00edt na dortu libovoln\u00fd obr\u00e1zek nebo vlastn\u00ed fotku, kterou jste po\u0159\u00eddili na dovolen\u00e9 nebo oslav\u011b narozenin?<\/p>\n<p>Tak pro tyto p\u0159\u00edpady V\u00e1m nab\u00edz\u00edme mo\u017enost tisku na jedl\u00fd pap\u00edr.<\/p>\n<p>Pro tisk se pou\u017e\u00edv\u00e1\u00a0kvalitn\u00ed potravin\u00e1\u0159sk\u00e1 barva a tiskneme na speci\u00e1ln\u00ed jedl\u00fd pap\u00edr (Slo\u017een\u00ed: Bramborov\u00fd \u0161krob; voda; rostlinn\u00fd olej)<\/p>\n<p><span style=\"color: #993366;\">Cen\u00edk:<\/span><\/p>\n<p><strong><span style=\"color: #993366;\">Velikost A4 &#8211; 130 K\u010d <\/span><\/strong><\/p>\n<p><strong><span style=\"color: #993366;\">Velikost A5 &#8211;\u00a0 110 K\u010d<\/span><\/strong><\/p>\n<p><span style=\"color: #993366;\">(cena je uvedena v\u010detn\u011b DPH)<\/span><\/p>\n","protected":false},"excerpt":{"rendered":"<p>Chcete m\u00edt na dortu libovoln\u00fd obr\u00e1zek nebo vlastn\u00ed fotku, kterou jste po\u0159\u00eddili na dovolen\u00e9 nebo oslav\u011b narozenin? Tak pro tyto p\u0159\u00edpady V\u00e1m nab\u00edz\u00edme mo\u017enost tisku na jedl\u00fd pap\u00edr. Pro tisk se pou\u017e\u00edv\u00e1\u00a0kvalitn\u00ed potravin\u00e1\u0159sk\u00e1 barva a tiskneme na speci\u00e1ln\u00ed jedl\u00fd pap\u00edr (Slo\u017een\u00ed: Bramborov\u00fd \u0161krob; voda; rostlinn\u00fd olej) Cen\u00edk: Velikost A4 &#8211; 130 K\u010d Velikost A5 &#8211;\u00a0 [&hellip;]<\/p>\n","protected":false},"author":2,"featured_media":0,"parent":0,"menu_order":0,"comment_status":"closed","ping_status":"open","template":"","meta":[],"_links":{"self":[{"href":"https:\/\/cukrarnakostomlaty.cz\/index.php?rest_route=\/wp\/v2\/pages\/450"}],"collection":[{"href":"https:\/\/cukrarnakostomlaty.cz\/index.php?rest_route=\/wp\/v2\/pages"}],"about":[{"href":"https:\/\/cukrarnakostomlaty.cz\/index.php?rest_route=\/wp\/v2\/types\/page"}],"author":[{"embeddable":true,"href":"https:\/\/cukrarnakostomlaty.cz\/index.php?rest_route=\/wp\/v2\/users\/2"}],"replies":[{"embeddable":true,"href":"https:\/\/cukrarnakostomlaty.cz\/index.php?rest_route=%2Fwp%2Fv2%2Fcomments&post=450"}],"version-history":[{"count":7,"href":"https:\/\/cukrarnakostomlaty.cz\/index.php?rest_route=\/wp\/v2\/pages\/450\/revisions"}],"predecessor-version":[{"id":1373,"href":"https:\/\/cukrarnakostomlaty.cz\/index.php?rest_route=\/wp\/v2\/pages\/450\/revisions\/1373"}],"wp:attachment":[{"href":"https:\/\/cukrarnakostomlaty.cz\/index.php?rest_route=%2Fwp%2Fv2%2Fmedia&parent=450"}],"curies":[{"name":"wp","href":"https:\/\/api.w.org\/{rel}","templated":true}]}}